4*o + 5*i + 24 + 0 = 0. Let t(v) = -o*v + 3*v + 0*v. What is the tens digit of t(-11)?
3
Let z = 12 + -5. Let o(b) = 26*b - 6. What is the tens digit of o(z)?
7
Let m(p) = 57*p - 3. Let y be m(7). Suppose -i + 7*i = y. Let k = -16 + i. What is the units digit of k?
0
Suppose 28836 = -20*b + 38*b. What is the hundreds digit of b?
6
Suppose 3*n + 6 = -0*n, j = 2*n + 2. What is the hundreds digit of (-1 - -144 - 1) + (-3 - j)?
1
Let b = -26 - -89. What is the hundreds digit of (-1)/((-2)/348)*84/b?
2
Let i(t) = 118*t + 137. What is the units digit of i(13)?
1
Let n(r) = -r + 15. Let h be ((-2)/(-4) + -1)*0. Let y be n(h). What is the units digit of 189/y - (-6)/15?
3
Let t(h) = -h + 7. Let b be t(-13). Suppose y - b = 19. What is the units digit of y?
9
Let x be 0 + -1 - (15/5 + -6). Suppose 3*a = -3*h + 6, -17 = -h + 5*a + 3. Suppose -h*r + 26 = -2*r - s, x*r - 5*s = 26. What is the units digit of r?
8
Suppose 3*d = 8*d - 330. What is the tens digit of 4/22 - (-2166)/d?
3
Let j = 43 + -23. Let u = -1 - -3. Suppose 4*m - u*m = j. What is the units digit of m?
0
Let x = 100 - 3. Let v = -47 + x. What is the tens digit of v?
5
Let k be 245/(-40) - (-2)/16. Let o(b) = b**2 + 4*b - 7. Let w be o(k). Suppose -5*h = w*t - 300, -94 = -2*t + 4*h + 50. What is the units digit of t?
4
Suppose -2*u + 68 - 4 = 0. Let z = 40 + u. What is the tens digit of z?
7
Suppose 0 = -12*w + 413 + 799. What is the hundreds digit of w?
1
Let o be (70/(-7))/(3 + -1). Let z(p) = 5*p**2 + 12*p + 27. What is the units digit of z(o)?
2
Suppose -26794 = -17*z + 6254. What is the thousands digit of z?
1
Let d be ((-8)/10)/((-2)/5). Suppose 2*y = -d*y + 5*g + 12, -36 = -2*y - 5*g. Let l(t) = -t**2 + 13*t - 11. What is the tens digit of l(y)?
2
Suppose 0 = -s + 5*b + 308 - 39, 0 = -b + 2. What is the units digit of s?
9
Suppose 0 = 6*y - 2*y - 3*t - 5715, 0 = -5*y - 5*t + 7135. What is the units digit of y?
8
Let h = -1 + -6. What is the units digit of (1 + h)*(-13)/39?
2
Let u = 896 - 625. What is the units digit of (-20)/(-40)*(u + -1)?
5
Let x(w) = 5*w**2 - 6*w - 7. Let g = 75 - 80. What is the hundreds digit of x(g)?
1
Let g be -5 + (3 - 0) - 12. Let i = g + 3. Let r(b) = -b**2 - 15*b - 2. What is the tens digit of r(i)?
4
Let k = 15 + -15. Suppose -d = 4*l + 11, k = -l - l - 8. Suppose -d*m + 25 = -5. What is the units digit of m?
6
Let u(t) = t**3 - 11*t**2 - 36*t - 84. Let s be u(14). Let x = -17 - -26. Suppose s = v - x - 16. What is the tens digit of v?
2
Let c(b) = b**3 + 2*b**2 - 3*b + 2. Let x be c(-3). Let n(u) = -14*u**x - 15*u + 6 - 8 - 11 - u**3. What is the tens digit of n(-13)?
1
Let c(g) = 5*g**2 + g + 1. Let k(i) = 19*i**2 + 5*i + 4. Let f(r) = 9*c(r) - 2*k(r). Let q = -31 - -32. What is the units digit of f(q)?
7
Let o(r) = -17*r + 105. What is the units digit of o(-9)?
8
Suppose -r + 20 = -3*z, 0 = -2*r - 0*z + z + 15. Suppose -r*i = -b + 27, -4*b + 6*i = i - 153. What is the units digit of b?
2
Suppose 7*r - 18 + 4 = 0. Suppose -237 = -f - r*f. What is the units digit of f?
9
Suppose -a + 4*p + 197 = 0, 2*a - 207 = a + 2*p. What is the units digit of a?
7
Suppose 5*w - b + 119 = 624, 92 = w - 2*b. Let k = 301 - w. Suppose 4*o - 2*o = 5*x - k, -x + 5*o = -26. What is the tens digit of x?
4
Suppose 0 = 91*k - 345464 + 131887. What is the tens digit of k?
4
Let g(j) = -113*j + 3. Suppose 3*z + 5*l + 28 = 0, z + l = -5 - 1. What is the tens digit of g(z)?
1
Suppose -6 = 3*s, -47*s + 50*s - 1174 = -2*w. What is the hundreds digit of w?
5
What is the tens digit of (14 - -12)/(4/20)?
3
Suppose -2 = -2*j - 4*u, 4*u + 3 = 3*j + 9*u. Let c(i) = 7*i. Let o be c(j). What is the tens digit of o/(-3*1/(-6))?
1
Suppose 3*z - 1825 = 2*b - 5944, -z = -4*b + 8213. What is the thousands digit of b?
2
Suppose 6*p - 2*p - 530 = -r, 3*r - 5*p - 1573 = 0. What is the hundreds digit of r?
5
What is the units digit of 2 + -11 - (-1806 + -1)?
8
What is the tens digit of 42782/18 - ((-150)/135)/5?
7
Let r(d) = -d**2 + d + 106. Let u be r(0). Suppose u = 5*n - 34. Suppose -4 = -p - 3*l, 3*p - p + l = n. What is the tens digit of p?
1
Let o = 37 - 35. Suppose -o*h + u = -138, 3*h = 4*u - u + 207. What is the tens digit of h?
6
Let t = 421 - -2292. What is the hundreds digit of t?
7
Let p = 4418 - 2223. What is the tens digit of p?
9
Let d(n) be the first derivative of 161*n**2/2 + 3*n - 2. What is the tens digit of d(1)?
6
What is the units digit of (480/165)/(-16) + 43520/22?
8
Suppose -9 = g + 8. Let u be 60 - -1 - (14 + g). Suppose 2*h + 16 = u. What is the tens digit of h?
2
What is the hundreds digit of ((-2)/(-3))/((-28)/(-16422))?
3
Let p(x) = -450*x - 457. What is the units digit of p(-6)?
3
Let l = -15 + 18. What is the tens digit of (-3*(-34)/(-3))/((-6)/l)?
1
Let q(d) = 12*d**2 + 2*d. Let t be q(-2). Suppose 2*i = -1 - 3. Let a = t - i. What is the tens digit of a?
4
Suppose 0 = 2*l + 10, 2 = 5*t + 4*l - 3. Suppose 82 + 113 = t*q. What is the units digit of q?
9
Suppose -2124 = -2*f + 226. What is the units digit of f?
5
Suppose 2*y = -p + 1 + 9, -4*p = 0. Suppose 230 = 4*h + 2*w, -y*w + 0*w = -3*h + 179. What is the units digit of h?
8
Let y = 132 - 171. Let z = 88 + y. What is the tens digit of z?
4
Suppose 0 = d - 0*d - 54. Let q be 4/(-26) + d/13. What is the units digit of (6/(-7))/(q/(-84))?
8
Suppose 0*j = 8*u + 2*j - 11212, 3*u - 4207 = -2*j. What is the thousands digit of u?
1
Let n(u) = u**2 + 5*u - 4. Let l be n(-6). Suppose y = -x + 13, 0*y - l*y = x - 18. Suppose -4*t + x*t = 104. What is the units digit of t?
6
Suppose 426 + 884 = 10*r. What is the hundreds digit of r?
1
Let c(l) = 98*l**2 - 6*l - 17. What is the thousands digit of c(-4)?
1
Let k(y) = 121*y - 67. What is the hundreds digit of k(5)?
5
Suppose 73*h + 3070 = 83*h. What is the hundreds digit of h?
3
Let y(w) = 3 - 1 - 8*w - 6 - 2*w**3 - 8*w**2 - 3. What is the units digit of y(-5)?
3
Let j be 129 - 2*(-1)/(-2). Suppose 3*d = 133 + j. Suppose x = -5*l + 162, 3*l + 4*x + 0*x - d = 0. What is the tens digit of l?
3
Let k be 57/19 + (23 - 1) + -1. Let g = k - 7. What is the tens digit of g?
1
Suppose -958 = -t - 25*f + 21*f, 0 = 3*f. What is the units digit of t?
8
Suppose -5*v + f + 1633 = -3661, -5*f + 1064 = v. What is the hundreds digit of v?
0
Suppose -4*z + b = -5198, -6487 = -5*z + 4*b - 8*b. What is the hundreds digit of z?
2
Suppose 3*g + 4*u - 131 = 70, 3*g - 201 = -5*u. What is the tens digit of g?
6
Let s = 25 - 35. What is the tens digit of s/(-3)*1*378/12?
0
Let x(g) = -9*g. Suppose -5*h + 4*s - 3*s = 0, -4*h - 3*s = 0. Suppose h = -4*b + 3*q - 15, 2*b + 3*q + 9 = -2*b. What is the units digit of x(b)?
7
Let q = 6461 - 4349. What is the tens digit of q?
1
Let k(i) = -i**3 + 24*i**2 + 5*i - 36. What is the tens digit of k(23)?
0
Let v be (26/2)/(4/4). Let n = v - 11. Suppose -j + 30 = n*j. What is the units digit of j?
0
What is the hundreds digit of (35 - (-7 - -6))/(3/130)?
5
Let k(i) = -52*i**2 + 2*i - 1. Let x be k(1). Let n = x + 72. What is the units digit of n?
1
Let x(i) = 334*i - 180. What is the hundreds digit of x(5)?
4
Suppose 25 = 7*n - 2*n. Let x(f) = -n - f - 2 + 4*f + 0. What is the units digit of x(7)?
4
Let w be 20/(-2)*(-2)/(-4). Let o = w + 7. Suppose 0 = -o*q + 3*p - 8*p + 47, 26 = q + 5*p. What is the units digit of q?
1
What is the units digit of -3*((-177)/(-413) + 23522/(-21))?
9
Let i = -11 + 32. Suppose -10 = -3*o + 5, i = -4*j + o. What is the units digit of (2 - -1)*17 + j?
7
Let w = -3005 + 4666. What is the tens digit of w?
6
Suppose -8*w + 3*w = -r - 23, 0 = -3*w + 2*r + 18. Suppose -w*c + 8*c = 232. Let m = -32 + c. What is the tens digit of m?
2
Let t(g) = 15*g**2 + 4*g - 3. Let d be t(5). Suppose 7*o - d - 252 = 0. What is the units digit of o?
2
What is the tens digit of (-28)/336 - (2 - (-2786)/(-24))?
1
Let p(d) = d**3 + 11*d**2 - 8*d + 4. What is the units digit of p(4)?
2
Let v be (-5)/(-10)*(4 + 8). Suppose 0 = v*m - 202 - 164. What is the units digit of m?
1
Let z(h) = 2*h + 13. Let l be z(7). Let v = l + -24. Suppose 5*x - 7 = v. What is the units digit of x?
2
Let j(a) = -a + 45. Let s be j(14). Let c = s - -52. What is the units digit of c?
3
Let j = 71 - 73. What is the units digit of 1875/9 + (-4)/((-24)/j)?
8
Let i(f) = f**2 - 5*f + 3. Le